.
4
Let q = -95 + 134. Suppose 5*g - 3*s - q = 0, 29 - 3 = 2*g + 4*s. Suppose 0 = -4*t + 42 - 6. Calculate the highest common factor of g and t.
9
Suppose 0 = -6*o + 30*t - 34*t + 7812, 0 = 3*o + 5*t - 3897. What is the highest common factor of o and 16?
8
Let t(g) = 5*g - 4. Let y be t(3). Let s(v) = -v**3 + 5*v**2 + 12*v - 13. Let c be s(7). Let m = c - -115. Calculate the greatest common divisor of m and y.
11
Let i = 2530 + -1935. Calculate the greatest common divisor of 833 and i.
119
Let z = 690 + -217. Let n = z - 404. What is the greatest common factor of 161 and n?
23
Suppose -6*m + 3*m - f + 19 = 0, 3*m - 15 = -3*f. Suppose 2*d + m = 15. Let x be (-8)/(6 - d) - -9. Calculate the greatest common factor of 1 and x.
1
Let i be ((-24)/(-42))/((-4)/(-14)). Suppose 0 = -i*f - 28 + 394. Suppose 5*z + 2*d + 0*d = f, 2*z + 2*d = 78. What is the highest common factor of z and 105?
35
Suppose 2*t + 2*t = 5*r - 2137, 2*r = -5*t + 835. What is the highest common factor of 1445 and r?
85
Let u(t) = -73*t - 9. Let j(p) = 62*p - 63. Let f be j(1). Let s be u(f). What is the highest common factor of 256 and s?
64
Suppose 57 = -3*x - 4*b, -5*b - 38 = 2*x - 3*b. Let r be (-3)/2*(x + -21). What is the highest common divisor of 192 and r?
12
Suppose -3*h = 4*x - 4983, 55*h - 57*h = -x + 1254. Calculate the highest common factor of x and 351.
39
Let x = 421 - 418. Let z(r) = -7*r**2 + 3 + 17*r**2 - 9*r**2 + 12 + 10*r. Let h be z(-10). Calculate the highest common divisor of h and x.
3
Let b(l) = -12*l + 1. Let m be b(-1). Let u = 781 + -778. Let y be 121 - (u - 1)/((-9)/(-18)). Calculate the highest common divisor of m and y.
13
Let v be (120/(-720))/(7/(-6)) + 348/14. Calculate the highest common divisor of v and 6000.
25
Let n(m) = 8*m**2 + 121*m + 49. Let k be n(-25). Calculate the greatest common factor of k and 72.
8
Let m(s) = -29*s - 2. Let y be m(-3). Suppose -4*w - 152 = -5*v, -27 = 2*v - 3*w - y. Calculate the greatest common factor of 64 and v.
32
Let j be (-40)/(-22) + -2 - 70/(-22). Suppose -j*q = -4*q - 4*t - 17, 5 = -t. Suppose q*a = 35 + 133. What is the greatest common divisor of a and 7?
7
Let o(m) = 8*m**2 + 4. Let i be o(2). Suppose 5 + 15 = 5*h. Suppose -3*r + 29 = 2*a - 7, h*a + 5*r - 68 = 0. Calculate the highest common factor of a and i.
12
Suppose -3*m + 5*t + 18 = -0*m, 0 = -3*m + t + 30. Let p(s) = 8*s**2 + 90*s - 55. Let z be p(8). Calculate the greatest common divisor of z and m.
11
Suppose -58*l - 182*l + 223089 = -391311. Calculate the greatest common factor of l and 200.
40
Suppose 0 = -3*q - q - 4*w, -q = -2*w - 6. Suppose -164 = -3*p + 2*l, 3*p - q*l + 126 = 5*p. What is the greatest common divisor of p and 580?
58
Let r = -19 - -23. Suppose -2*t + 14 = x, t = -r*x + 39 + 38. What is the greatest common divisor of 28 and x?
4
Let f be (2/10)/(21/210). Suppose 2*j + k - 462 = 78, -f*k - 1096 = -4*j. What is the greatest common divisor of 16 and j?
16
Let x = 19057 - 18798. What is the highest common factor of x and 126?
7
Suppose -12 = g + 3*s, 4*g + 20 = 2*g - 2*s. Let n(l) = l**2 + 7*l - 4. Let r be n(g). Calculate the greatest common divisor of 343 and r.
7
Let z be 2 + -3 + 4 - (-42240)/(-88). Let b = z - -497. Calculate the greatest common factor of 95 and b.
5
Suppose 2*g = -3*h - 2, 3*g = -145 + 151. Suppose 34944 = -5*j + 2*j. Let u be ((-5)/h - 1)*j/(-78). Calculate the highest common factor of 14 and u.
14
Let t(u) = 230*u - 3329. Let x be t(15). Let l = 0 + 2. Suppose -3*q + x = -2*q + z, 3*q = -l*z + 359. What is the highest common divisor of 9 and q?
9
Let l(h) = 2*h**2 - 9*h + 5. Let f be l(11). Let s = f - 135. Calculate the greatest common factor of 78 and s.
13
Let z = -8669 - -14363. Suppose 11*v - 114 - z = 0. What is the greatest common factor of v and 48?
48
Let r = 714 + -618. Calculate the highest common factor of 5688 and r.
24
Suppose 4*q = -4*q + 48. Let l be ((-162)/(-15))/(q/560). Suppose -2*y + l = 5*y. What is the highest common divisor of y and 16?
16
Suppose y - 5*c - 13635 = 0, -2*c = -y - 4*c + 13670. What is the greatest common divisor of y and 20?
20
Let t = 19703 - 19600. Calculate the highest common factor of 22969 and t.
103
Let z(m) = 449*m - 764. Let r be z(7). Calculate the greatest common divisor of r and 244.
61
Suppose 17*o - 73 = -5. Let h be (-156)/28*-8 - o/7. Let y = 598 + -246. Calculate the highest common divisor of h and y.
44
Let b = 212 + -210. Let y be b/((-1)/2*(-5)/10). Calculate the greatest common divisor of 18 and y.
2
Suppose 30*u = 1341 - 261. Calculate the greatest common divisor of 810 and u.
18
Suppose -23*o - 4368 = -31*o. Let f = 112 + o. What is the highest common factor of 14 and f?
14
Let m be 2/(-4) + (-874490)/(-628). Calculate the greatest common divisor of 1363 and m.
29
Let w(x) = 9*x - 15. Let q be w(2). Suppose -4*k = -17 - q. Let g(j) = -j**2 + 11*j - 23. Let r be g(k). What is the greatest common divisor of r and 63?
7
Let u(o) = o**3 - 18*o**2 + 68*o - 35. Let d = 49 - 35. Let n be u(d). Calculate the greatest common divisor of 19 and n.
19
Let m(y) = -y**3 - 9*y**2 + 20*y - 22. Let s be m(-11). Suppose 4*z + 11*f - 206 = 8*f, 2*z + f - 102 = s. What is the highest common factor of 375 and z?
25
Suppose 0 = 352*w - 349*w - 384. What is the highest common factor of 224 and w?
32
Suppose 19*k = 12545 + 4479. What is the greatest common factor of 128 and k?
128
Let g(x) = 8*x**2 - 160*x + 108. Let r be g(20). Calculate the greatest common factor of 4482 and r.
54
Let f be (50 + 728/12)/((-157)/159 - -1). What is the highest common divisor of f and 106?
106
Let t = -1575 + 1605. Let y(x) = -20*x + 4. Let u be y(-1). Calculate the greatest common factor of t and u.
6
Suppose i + 23 = -43. Suppose 2*k - 5*l = 152, -7*k + 6*k - 4*l + 63 = 0. Let n = i + k. Calculate the highest common divisor of 10 and n.
5
Let n(m) = m**2 - 83*m + 87. Let i be n(82). Calculate the greatest common factor of 19 and i.
1
Suppose 4*c + 3*p - 583 = 0, -178*p + 177*p + 436 = 3*c. What is the highest common divisor of 145 and c?
145
Let l = -23798 + 25094. Calculate the greatest common factor of 1008 and l.
144
Let u = -208 + 232. Suppose u*j + 408 = 41*j. Calculate the greatest common divisor of j and 30.
6
Suppose -5*k + q = -180, 5*k + q = k + 135. Let f(z) = -6*z - 44 + 21 + 23 + z**2. Let r be f(7). What is the greatest common divisor of k and r?
7
Let f be 10/(-35) + (-43)/(-7)*2. Let d = 370 - f. Let g = d - 246. Calculate the greatest common factor of g and 14.
14
Let v(t) be the first derivative of -t + 4. Let n(b) = b - 18. Let h(x) = n(x) + 2*v(x). Let r be h(21). Calculate the highest common divisor of 8 and r.
1
Suppose 3*o = f + 2, 2*f - 1 = -o + 9. Let v be (5/4)/(o/(-8)). Let x be (123/(-6) + -2)*6/v. Calculate the greatest common divisor of x and 18.
9
Let w(h) = -h**2 - 24*h + 1258. Let s be w(-49). Calculate the highest common divisor of 11781 and s.
33
Let h(i) = i**2 + 91*i - 1706. Let g be h(17). Let r(y) = 6*y**2 + 2*y - 3. Let c be r(-3). Let t = c - 32. Calculate the highest common factor of g and t.
13
Let c be (-1)/(4/(-364) + 0). Let n(p) = -6*p - 65. Let f be 1118/(-78) - (-8)/6. Let m be n(f). Calculate the highest common factor of c and m.
13
Let m be -58 - -52 - (-1 - 644). What is the highest common factor of 9 and m?
9
Let n(u) = -4*u - 59. Let d = 118 + -77. Suppose f + 3*g = -16, 0*f - 3*g + d = -2*f. Let t be n(f). What is the highest common factor of t and 51?
17
Suppose 2*y = 0, -3*l + y = -3*y - y - 21. What is the highest common factor of 567 and l?
7
Let p(b) = -210*b - 1342. Let o be p(-8). Calculate the greatest common divisor of o and 286.
26
Let u = 5834 - 3387. Let s = 4271 - u. Calculate the highest common factor of s and 24.
24
Suppose -201 = 6*r + 111. Suppose 300 = -2*m - 5*n, -2*m - 172 = -m - 3*n. Let i = r - m. Calculate the greatest common divisor of 12 and i.
12
Let d = 3634 - -1501. What is the highest common factor of 65 and d?
65
Suppose 44*v - 45*v = -f + 373, -3*f + 5*v = -1129. Calculate the greatest common factor of 9016 and f.
184
Suppose 719 = 2*s - 4*n - 81, 4*n - 1540 = -4*s. Suppose s = 14*u - 702. Calculate the greatest common factor of u and 12.
6
Let t = 15978 + 17341. Calculate the greatest common 